tor of b and x?
11
Let s be -3*1 + 5/5. Let c be (-4)/1*s/2. Suppose 0 = 4*z - 2*z - 48. Calculate the greatest common factor of c and z.
4
Suppose 2*y - 4*y - 44 = 3*j, 0 = 2*j + 5*y + 22. Let c be ((-54)/12)/(1/j). Calculate the highest common divisor of 8 and c.
8
Let s(a) = a + 3. Let h be (-2)/(-2) + 4/(-4). Let f be s(h). Let i be ((-1)/f)/((-1)/33). Calculate the greatest common divisor of 99 and i.
11
Let f(c) = 26*c + 6. Let x be f(3). What is the highest common divisor of 12 and x?
12
Suppose -t = 4 - 0. Let k be (t + 3)/((-2)/4). What is the greatest common divisor of 22 and k?
2
Let m = 18 + -15. Let l be (10 - (m - 2))*21. Calculate the highest common divisor of l and 21.
21
Suppose -2*l + 5*b = -62, 0*b - 2 = -b. What is the greatest common factor of l and 18?
18
Suppose -2*q + 10 = 3*l - q, -6 = -l - 3*q. Let c = 3 - 4. Let t = c + 3. Calculate the greatest common factor of t and l.
1
Let k = 24 - 17. Let u(x) = 2*x + 6. Let c be u(k). Let s = c - 2. What is the highest common divisor of 12 and s?
6
Let r(v) be the first derivative of -v**2/2 + 4*v + 4. Let s be r(-11). What is the highest common divisor of s and 6?
3
Suppose -3*o + 11 = -2*t - 12, -3*o + 19 = -t. Let p = 11 - 9. Suppose 0*c - 70 = -p*c. Calculate the highest common divisor of c and o.
5
Suppose -3*s = -2*s + 130. Let d = 198 + s. Let v be ((-238)/56)/(1/(-4)). Calculate the greatest common divisor of v and d.
17
Suppose -a = a + 20. Let o = 18 + a. Calculate the highest common factor of 8 and o.
8
Let t(n) = -7*n**3 + 5*n + 2. Let z = -3 - 0. Let l be t(z). Suppose -y - 5*h - 440 = -6*y, -2*y = h - l. What is the highest common divisor of 8 and y?
8
Let x be ((-14)/(-4))/((-11)/(-132)). Calculate the highest common factor of x and 14.
14
Let i = 112 + 70. Calculate the highest common factor of i and 26.
26
Let g = -127 + 146. Suppose 0 = -z - 0 - 4. Let k be (1 + 194/z)*-2. What is the highest common factor of g and k?
19
Suppose -5*w = -5*b + 2*b + 70, -5*b = 2*w - 158. Suppose 10*g - 172 + 22 = 0. What is the highest common divisor of g and b?
15
Let v = 4 - 7. Let n(j) = j**3 + 4*j**2 - j - 4. Let z be n(v). Let t(q) = -q**2 + 16*q - 4. Let d be t(z). Calculate the greatest common factor of d and 10.
10
Let c be 14/(-6) + 1116/108. Let z = 12 + 0. Suppose -2*y + 4*o = 2*y - 16, 2*o + z = 4*y. What is the greatest common factor of c and y?
2
Let x = -1 + 9. What is the highest common factor of x and 8?
8
Suppose -13*n = -15*n + 272. Calculate the greatest common factor of n and 17.
17
Suppose -4*g + 87 = -173. Calculate the greatest common divisor of g and 26.
13
Suppose -r + 5 = -z, -2*r - 3 = 2*z + 3. Let j = r + 0. Let b be j - (0 - -4)*-2. What is the highest common factor of 18 and b?
9
Suppose 0 = 5*x - 2*x - 9. Suppose -5*t + x*s = -0*s - 63, -5*s = -5*t + 55. Calculate the highest common factor of 3 and t.
3
Let t(k) = -k**3 + 4*k**2 - 2*k - 1. Let g be t(3). Let z(m) = -8*m. Let r be z(g). Let n be ((-90)/8)/(1/r). Calculate the greatest common factor of n and 20.
20
Suppose 0*z + 2*z = 224. What is the highest common divisor of 14 and z?
14
Let o = -11 + 25. What is the greatest common divisor of 98 and o?
14
Let r(q) = q**3 + q**2 - 2*q + 1. Let v be r(1). Suppose t = -2*z - 6, 3*t + t = -3*z + v. What is the greatest common factor of t and 12?
4
Suppose 6*k = 5*k - 7. Let g = 18 + -8. Let d = k + g. Calculate the greatest common factor of 24 and d.
3
Let l be (6/(-3) - -9) + -2. Suppose -3*q - 1 = -61. What is the highest common factor of l and q?
5
Suppose q + 2*q - 2*p = 102, -4*q + p + 141 = 0. Suppose -3*o = -0*o - q. Calculate the greatest common divisor of o and 48.
12
Let a(k) = -k**3 + 7*k**2 - 5*k - 6. Let o be a(6). Let z(s) = -s**2 + 19. Let c be z(o). What is the greatest common factor of 57 and c?
19
Let d = 68 - 40. What is the highest common factor of 4 and d?
4
Let a be 0/(-2) + 3 + 7. Let d be (-7)/7*0/(-2). Suppose 30 = -d*y + y. Calculate the highest common divisor of y and a.
10
Let f = -55 + 100. Let p be f/(-4)*4*-1. What is the greatest common factor of p and 9?
9
Let h = -13 + 32. Suppose -t = -2*t - 3*w - h, 0 = -3*t + w - 7. Let r = t - -10. Calculate the highest common divisor of 2 and r.
2
Let c(i) = 3*i**2 - 2*i - 6. Let d be c(-9). Suppose -d = -o - 2*o. Let b = -58 + o. What is the highest common divisor of b and 18?
9
Let k = -23 + 107. Let y be (15/(-12))/(-1)*k. What is the highest common divisor of y and 21?
21
Let y(s) = -s**3. Let n(r) = -r**3 + r**2 + 4*r. Let c(q) = -n(q) + 2*y(q). Let j be c(-3). What is the highest common factor of 12 and j?
6
Let f be ((-5)/((-30)/378))/(1/3). What is the highest common factor of 21 and f?
21
Let g(d) = -2*d**3 + 3*d**2 - 2*d - 1. Let t be g(2). Let z be t/(6 - 3) + 0. Let f be 2/(z - -1)*-5. Calculate the greatest common divisor of 1 and f.
1
Let c be 1/(2 - 1*(-10)/(-6)). Let r be (-1)/(-4) - (-131)/4. What is the greatest common factor of r and c?
3
Suppose 144 = z + z. Suppose -6*k + 225 = -3*k. Let n = k + z. What is the greatest common factor of 21 and n?
21
Let y(j) = j**3 - 11*j**2 + 13*j + 15. Let d be y(10). What is the highest common factor of 15 and d?
15
Let o be (4/(-6))/(2/(-3)). Let d(j) = -3*j + 3*j + 20*j**2 - 1. Let a be d(o). What is the highest common divisor of 209 and a?
19
Suppose m + 35 = 6*m - 5*k, 23 = 3*m - k. Calculate the greatest common divisor of 12 and m.
4
Suppose 0 = 4*v + 132 - 396. What is the highest common divisor of 33 and v?
33
Suppose -54 = -2*h + 2*q, 43 + 30 = 3*h - 5*q. What is the greatest common divisor of 341 and h?
31
Let i = 5 + 1. Suppose 3*k + i = 6*k. Let p = 31 + -15. Calculate the highest common divisor of p and k.
2
Let v(j) = 3*j**2 - j - 19. Let p be v(7). Calculate the highest common divisor of 11 and p.
11
Let f be 621/12 + 3/(-4). Suppose 4*y = -4*r + 164, 0 = -r + 4*y + f - 20. Calculate the greatest common divisor of r and 26.
13
Let b be 3 + 16/(-4) + 8. Let i = 154 - 91. What is the greatest common factor of i and b?
7
Suppose 0 = -0*j - 3*j - 9, 2*z - 5*j - 35 = 0. Suppose -l - l = -20. Calculate the greatest common factor of z and l.
10
Let u = -9 - -5. Let h = 26 + u. Calculate the greatest common divisor of 2 and h.
2
Let y(q) = -2*q**3 - 30*q**2 + 11. Let k be y(-15). Calculate the greatest common divisor of k and 99.
11
Let g be (14 - -2 - 0) + 2. Let k be (-8)/(-16)*1*g. Calculate the highest common divisor of k and 3.
3
Let a = -14 - -8. Let z be 7 - 2*a/4. Calculate the highest common factor of z and 20.
10
Let y(q) = q**2 + 6*q - 7. Let s be y(-7). Suppose s = 4*l + 4*j - 104, 2 + 0 = 2*j. Calculate the greatest common divisor of l and 5.
5
Let z be -2*15/6*-1. Suppose -4*j - 4*y + y - 4 = 0, z*y = -5*j - 10. Let k be (1 - (-25)/j)*6. What is the highest common factor of 9 and k?
9
Let b = 513 + -297. Suppose -g = -4*g - 5*q + 225, -3*g - 2*q + b = 0. What is the greatest common divisor of g and 28?
14
Suppose -4*p - 4*t + 5 = -7, -2*p = 3*t - 6. Let m = 22 - 10. What is the greatest common factor of p and m?
3
Let t(w) = w**2 - 2*w + 2*w**2 + 5*w. Let o be t(-3). What is the greatest common factor of o and 27?
9
Suppose -728 + 83 = -5*f. Suppose -2*v + 74 + 2 = -p, 0 = -p. Suppose y + v = -5*u + 165, -y - 3*u = -f. What is the greatest common factor of y and 12?
12
Suppose 96 = -0*h + h. Let g = -4 - -5. Let c be 14/g + 0 + -2. Calculate the greatest common factor of c and h.
12
Let w = -17 - -25. What is the greatest common divisor of w and 16?
8
Suppose k + 0*k = 3, 2*s + 4*k - 48 = 0. Calculate the greatest common divisor of s and 2.
2
Let o = 20 - 4. Calculate the highest common divisor of 2 and o.
2
Let o(z) = -21*z - 5. Let a be o(-6). Suppose -5*g - 7*q + 75 = -3*q, -27 = -2*g - q. What is the highest common divisor of g and a?
11
Let n = 505 + -337. Calculate the highest common factor of 21 and n.
21
Let q(p) = p + 7. Let f be q(-6). Let j be 31 + (-2 - (-1)/(-1)). Suppose 0*h + 4*h = j. What is the greatest common factor of h and f?
1
Suppose -3*k = -0*k - 54. What is the highest common divisor of k and 126?
18
Suppose 2*b - 5*w = 20, 2*b - 4*w = -9*w. Suppose 0 = -2*j + b + 25. Calculate the highest common divisor of j and 6.
3
Let p = -2 + 7. What is the highest common divisor of p 